Calculate the highest common divisor of 11 and 231.
11
What is the highest common divisor of 14 and 14?
14
What is the greatest common factor of 26 and 22?
2
Calculate the highest common divisor of 18 and 126.
18
Calculate the greatest common factor of 1508 and 1566.
58
Calculate the highest common factor of 19 and 3629.
19
Calculate the highest common factor of 70 and 378.
14
Calculate the highest common factor of 789 and 3.
3
What is the greatest common divisor of 4636 and 976?
244
What is the greatest common divisor of 135 and 4995?
135
Calculate the greatest common factor of 626 and 62.
2
Calculate the greatest common factor of 2387 and 55.
11
What is the highest common factor of 2 and 118?
2
What is the greatest common divisor of 90 and 75?
15
What is the greatest common factor of 4650 and 25?
25
Calculate the highest common divisor of 85 and 34.
17
Calculate the highest common factor of 247 and 130.
13
Calculate the greatest common factor of 66 and 1441.
11
Calculate the greatest common factor of 6439 and 411.
137
Calculate the highest common divisor of 342 and 2826.
18
Calculate the greatest common divisor of 400 and 128.
16
Calculate the greatest common factor of 1 and 90.
1
What is the greatest common divisor of 3 and 447?
3
What is the highest common divisor of 1715 and 35?
35
Calculate the highest common divisor of 25 and 2455.
5
What is the greatest common divisor of 1378 and 806?
26
What is the greatest common divisor of 11 and 737?
11
Calculate the greatest common factor of 800 and 1920.
160
Calculate the highest common divisor of 14 and 1890.
14
Calculate the highest common factor of 30 and 820.
10
Calculate the greatest common factor of 312 and 273.
39
Calculate the highest common divisor of 40 and 74360.
40
What is the highest common divisor of 78 and 34?
2
What is the greatest common divisor of 1870 and 88?
22
Calculate the greatest common factor of 31 and 3131.
31
What is the greatest common factor of 110 and 2970?
110
Calculate the highest common divisor of 99 and 363.
33
What is the greatest common divisor of 1 and 208?
1
What is the greatest common divisor of 308 and 4774?
154
Calculate the highest common factor of 69 and 9039.
69
Calculate the greatest common factor of 20 and 790.
10
What is the greatest common factor of 364 and 143?
13
What is the highest common factor of 80 and 2064?
16
What is the highest common divisor of 59 and 472?
59
What is the highest common factor of 700 and 392?
28
What is the highest common factor of 38 and 5358?
38
Calculate the highest common factor of 922 and 2.
2
What is the highest common factor of 120 and 1720?
40
Calculate the greatest common factor of 1040 and 1690.
130
Calculate the highest common factor of 68 and 952.
68
What is the greatest common factor of 4494 and 2782?
214
Calculate the greatest common factor of 28994 and 266.
266
What is the greatest common factor of 32 and 13088?
32
What is the highest common factor of 527 and 496?
31
What is the greatest common divisor of 55 and 45?
5
What is the highest common factor of 42 and 6?
6
Calculate the greatest common divisor of 36 and 1494.
18
Calculate the highest common factor of 14 and 5222.
14
Calculate the highest common divisor of 27 and 33.
3
Calculate the highest common factor of 75 and 750.
75
Calculate the greatest common divisor of 31073 and 161.
161
What is the greatest common factor of 27520 and 1032?
344
What is the greatest common factor of 83 and 249?
83
What is the highest common divisor of 256 and 16?
16
Calculate the greatest common factor of 1335 and 12.
3
Calculate the highest common factor of 340 and 80.
20
Calculate the highest common factor of 6 and 4602.
6
What is the highest common divisor of 888 and 27232?
296
Calculate the highest common factor of 972 and 36.
36
Calculate the greatest common divisor of 1920 and 15.
15
What is the greatest common factor of 13 and 3029?
13
What is the highest common factor of 396 and 1914?
66
What is the greatest common factor of 186 and 3410?
62
What is the greatest common factor of 80 and 4640?
80
Calculate the highest common factor of 500 and 82.
2
What is the greatest common divisor of 25 and 1690?
5
What is the highest common factor of 21 and 17094?
21
Calculate the greatest common factor of 639 and 27.
9
Calculate the greatest common divisor of 2108 and 340.
68
Calculate the highest common divisor of 62 and 589.
31
Calculate the highest common divisor of 24 and 2916.
12
What is the greatest common divisor of 111 and 259?
37
What is the highest common factor of 16 and 3476?
4
What is the highest common divisor of 22 and 110?
22
What is the highest common factor of 36 and 522?
18
What is the highest common divisor of 37 and 29933?
37
Calculate the highest common divisor of 484 and 11.
11
Calculate the greatest common divisor of 188 and 64.
4
What is the highest common factor of 546 and 78?
78
What is the highest common factor of 23739 and 3?
3
Calculate the greatest common factor of 204 and 24.
12
Calculate the highest common factor of 126 and 162.
18
What is the highest common divisor of 420 and 660?
60
Calculate the greatest common factor of 9690 and 30.
30
Calculate the greatest common factor of 52 and 156.
52
What is the greatest common divisor of 1785 and 21?
21
Calculate the highest common factor of 44 and 4378.
22
What is the greatest common divisor of 8235 and 270?
135
Calculate the greatest common divisor of 4292 and 148.
148
What is the greatest common factor of 92 and 4163?
23
Calculate the highest common factor of 184 and 598.
46
What is the highest common factor of 69 and 10511?
23
Calculate the greatest common divisor of 68 and 4573.
17
What is the highest common divisor of 8 and 19048?
8
Calculate the highest common factor of 356 and 58028.
356
What is the greatest common divisor of 54 and 1269?
27
What is the highest common divisor of 171 and 817?
19
What is the greatest common divisor of 16 and 1136?
16
Calculate the greatest common factor of 22 and 1683.
11
What is the highest common factor of 44 and 3278?
22
What is the greatest common divisor of 7 and 308?
7
Calculate the greatest common factor of 2 and 144.
2
Calculate the greatest common factor of 2884 and 84.
28
Calculate the highest common divisor of 395 and 553.
79
Calculate the greatest common divisor of 7387 and 249.
83
What is the highest common factor of 16827 and 474?
237
Calculate the greatest common divisor of 1206 and 24.
6
What is the greatest common divisor of 72 and 66?
6
What is the greatest common divisor of 20 and 35740?
20
What is the highest common factor of 51 and 79509?
51
Calculate the greatest common divisor of 1452 and 2112.
132
Calculate the highest common factor of 20 and 744.
4
Calculate the highest common factor of 1314 and 72.
18
What is the greatest common factor of 21 and 861?
21
Calculate the greatest common divisor of 462 and 84.
42
What is the greatest common divisor of 16845 and 30?
15
Calculate the highest common divisor of 1615 and 76.
19
Calculate the greatest common factor of 1815 and 330.
165
What is the highest common factor of 1890 and 700?
70
Calculate the greatest common factor of 8 and 2.
2
Calculate the greatest common divisor of 77 and 2079.
77
What is the highest common factor of 38 and 3040?
38
What is the highest common factor of 364 and 468?
52
What is the highest common divisor of 1577 and 19?
19
Calculate the highest common factor of 156 and 48.
12
What is the highest common factor of 95 and 19?
19
Calculate the greatest common divisor of 95 and 5035.
95
Calculate the highest common factor of 12 and 132.
12
Calculate the greatest common factor of 102 and 136.
34
What is the greatest common divisor of 192 and 28?
4
Calculate the highest common factor of 249 and 166.
83
What is the greatest common divisor of 54 and 684?
18
What is the highest common divisor of 20 and 770?
10
What is the highest common divisor of 5496 and 60?
12
Calculate the greatest common divisor of 697 and 205.
41
Calculate the highest common factor of 6 and 8454.
6
Calculate the highest common factor of 110 and 154.
22
What is the highest common divisor of 44 and 57134?
22
What is the greatest common divisor of 551 and 57?
19
Calculate the highest common factor of 9359 a